hat is the tens digit of 130835893?
9
What is the hundred thousands digit of 654723386?
7
What is the hundred thousands digit of 416560896?
5
What is the ten millions digit of 108241488?
0
What is the ten millions digit of 115418685?
1
What is the hundreds digit of 698635551?
5
What is the thousands digit of 361333212?
3
What is the ten millions digit of 340469515?
4
What is the units digit of 12830553?
3
What is the hundred thousands digit of 91043285?
0
What is the ten thousands digit of 341335823?
3
What is the millions digit of 146909200?
6
What is the thousands digit of 463994767?
4
What is the units digit of 773901056?
6
What is the hundred millions digit of 1070056285?
0
What is the units digit of 90591628?
8
What is the hundred thousands digit of 1018565112?
5
What is the ten thousands digit of 5117508278?
0
What is the hundred thousands digit of 303868993?
8
What is the units digit of 28126029?
9
What is the hundreds digit of 61451240?
2
What is the millions digit of 1214250402?
4
What is the hundred thousands digit of 313019285?
0
What is the thousands digit of 970175002?
5
What is the ten millions digit of 17260556?
1
What is the thousands digit of 69428349?
8
What is the tens digit of 447118106?
0
What is the millions digit of 2301649648?
1
What is the thousands digit of 4007895872?
5
What is the hundred millions digit of 375416801?
3
What is the hundred millions digit of 749961182?
7
What is the units digit of 474868979?
9
What is the millions digit of 122532620?
2
What is the millions digit of 2042517028?
2
What is the hundred thousands digit of 4065467480?
4
What is the millions digit of 60640962?
0
What is the units digit of 88876725?
5
What is the ten thousands digit of 9078924?
7
What is the hundred millions digit of 610991436?
6
What is the units digit of 47669503?
3
What is the ten thousands digit of 869793185?
9
What is the hundred millions digit of 215738244?
2
What is the millions digit of 50990138?
0
What is the ten millions digit of 519586750?
1
What is the hundred thousands digit of 57081972?
0
What is the units digit of 195972468?
8
What is the hundred thousands digit of 745033657?
0
What is the hundreds digit of 119349887?
8
What is the billions digit of 5716928012?
5
What is the hundred thousands digit of 786084521?
0
What is the units digit of 461467863?
3
What is the hundred thousands digit of 1047355050?
3
What is the ten millions digit of 103816210?
0
What is the thousands digit of 47547455?
7
What is the ten thousands digit of 469871352?
7
What is the ten thousands digit of 278647856?
4
What is the hundreds digit of 673094827?
8
What is the hundreds digit of 982002177?
1
What is the units digit of 43732792?
2
What is the billions digit of 2909232244?
2
What is the hundreds digit of 906269304?
3
What is the billions digit of 5815869299?
5
What is the hundred thousands digit of 4126032073?
0
What is the hundred millions digit of 482704741?
4
What is the millions digit of 67223825?
7
What is the millions digit of 198648088?
8
What is the units digit of 130487488?
8
What is the hundreds digit of 670374383?
3
What is the hundred thousands digit of 44785597?
7
What is the hundred thousands digit of 1053923362?
9
What is the hundred millions digit of 168369288?
1
What is the units digit of 3303393474?
4
What is the units digit of 149665732?
2
What is the tens digit of 1548354267?
6
What is the ten millions digit of 2253664639?
5
What is the thousands digit of 97320871?
0
What is the hundred millions digit of 473850459?
4
What is the ten thousands digit of 12276659?
7
What is the tens digit of 197218891?
9
What is the tens digit of 1303829399?
9
What is the units digit of 156516940?
0
What is the hundreds digit of 1855683009?
0
What is the billions digit of 3224844198?
3
What is the millions digit of 42453482?
2
What is the ten millions digit of 44590355?
4
What is the tens digit of 95779970?
7
What is the tens digit of 177428911?
1
What is the millions digit of 109775647?
9
What is the tens digit of 1302129273?
7
What is the billions digit of 3581693791?
3
What is the hundreds digit of 62693219?
2
What is the hundreds digit of 166080453?
4
What is the ten thousands digit of 32881961?
8
What is the hundreds digit of 76243796?
7
What is the ten millions digit of 78267997?
7
What is the ten millions digit of 941629227?
4
What is the ten millions digit of 1847150102?
4
What is the hundred thousands digit of 343737989?
7
What is the tens digit of 1117408457?
5
What is the hundreds digit of 90507424?
4
What is the hundreds digit of 59555413?
4
What is the millions digit of 610286838?
0
What is the units digit of 204780313?
3
What is the tens digit of 916086509?
0
What is the hundred thousands digit of 17563157?
5
What is the thousands digit of 930105?
0
What is the thousands digit of 6043180450?
0
What is the ten millions digit of 1652039223?
5
What is the ten millions digit of 99012921?
9
What is the tens digit of 3651645023?
2
What is the hundred thousands digit of 45102763?
1
What is the hundred thousands digit of 40872414?
8
What is the ten thousands digit of 55849522?
4
What is the hundred millions digit of 228395831?
2
What is the hundred thousands digit of 457134352?
1
What is the ten thousands digit of 36769202?
6
What is the hundreds digit of 129749193?
1
What is the hundred thousands digit of 726267179?
2
What is the units digit of 2836943280?
0
What is the hundreds digit of 1072474913?
9
What is the ten thousands digit of 1870862596?
6
What is the hundred millions digit of 3468925367?
4
What is the millions digit of 620498718?
0
What is the ten millions digit of 25343828?
2
What is the thousands digit of 276662857?
2
What is the thousands digit of 68483480?
3
What is the tens digit of 201529887?
8
What is the ten thousands digit of 1490034981?
3
What is the hundred thousands digit of 138919079?
9
What is the hundred millions digit of 1009142043?
0
What is the thousands digit of 1746509250?
9
What is the hundred thousands digit of 148818737?
8
What is the tens digit of 51710664?
6
What is the ten thousands digit of 797635763?
3
What is the units digit of 772645094?
4
What is the hundreds digit of 168674804?
8
What is the hundred thousands digit of 830732097?
7
What is the ten thousands digit of 192113163?
1
What is the hundred thousands digit of 179458907?
4
What is the units digit of 11984945?
5
What is the units digit of 73981411?
1
What is the millions digit of 195960229?
5
What is the ten thousands digit of 279483166?
8
What is the hundreds digit of 53621164?
1
What is the thousands digit of 2371158565?
8
What is the thousands digit of 204413331?
3
What is the units digit of 467574583?
3
What is the thousands digit of 471311407?
1
What is the millions digit of 49359516?
9
What is the hundred thousands digit of 10488327?
4
What is the ten millions digit of 35164838?
3
What is the billions digit of 1087033614?
1
What is the units digit of 10158599?
9
What is the millions digit of 209273620?
9
What is the ten millions digit of 537773305?
3
What is the millions digit of 434932167?
4
What is the hundreds digit of 102071625?
6
What is the hundreds digit of 127814903?
9
What is the ten thousands digit of 145323907?
2
What is the units digit of 1070783?
3
What is the millions digit of 28624503?
8
What is the tens digit of 76234778?
7
What is the millions digit of 25926651?
5
What is the hundred thousands digit of 252368767?
3
What is the ten thousands digit of 366608397?
0
What is the hundreds digit of 36108234?
2
What is the hundred millions digit of 5810603461?
8
What is the units digit of 45984696?
6
What is the hundred thousands digit of 1064407749?
4
What is the hundred thousands digit of 291767500?
7
What is the millions digit of 560162063?
0
What is the ten millions digit of 3192447790?
9
What is the millions digit of 17395582?
7
What is the hundred thousands digit of 791129535?
1
What is the thousands digit of 441685753?
5
What is the billions digit of 1877829861?
1
What is the units digit of 3311458?
8
What is the billions digit of 2517118857?
2
What is the ten thousands digit of 3381463170?
6
What is the hundred millions digit of 1806065407?
8
What is the hundreds digit of 54607408?
4
What is the ten m